[INFO] cloning repository https://github.com/Keats/webrust
[INFO] running `Command { std: "git" "-c" "credential.helper=" "-c" "credential.helper=/workspace/cargo-home/bin/git-credential-null" "clone" "--bare" "https://github.com/Keats/webrust" "/workspace/cache/git-repos/https%3A%2F%2Fgithub.com%2FKeats%2Fwebrust", kill_on_drop: false }`
[INFO] [stderr] Cloning into bare repository '/workspace/cache/git-repos/https%3A%2F%2Fgithub.com%2FKeats%2Fwebrust'...
[INFO] running `Command { std: "git" "rev-parse" "HEAD", kill_on_drop: false }`
[INFO] [stdout] 2dae79ab398d9cbf705365f10793e7734427a876
[INFO] building Keats/webrust against master#881c1ac408d93bb7adaa3a51dabab9266e82eee8 for issue-85264
[INFO] running `Command { std: "git" "clone" "/workspace/cache/git-repos/https%3A%2F%2Fgithub.com%2FKeats%2Fwebrust" "/workspace/builds/worker-2/source", kill_on_drop: false }`
[INFO] [stderr] Cloning into '/workspace/builds/worker-2/source'...
[INFO] [stderr] done.
[INFO] validating manifest of git repo https://github.com/Keats/webrust on toolchain 881c1ac408d93bb7adaa3a51dabab9266e82eee8
[INFO] running `Command { std: "/workspace/cargo-home/bin/cargo" "+881c1ac408d93bb7adaa3a51dabab9266e82eee8" "metadata" "--manifest-path" "Cargo.toml" "--no-deps", kill_on_drop: false }`
[INFO] started tweaking git repo https://github.com/Keats/webrust
[INFO] finished tweaking git repo https://github.com/Keats/webrust
[INFO] tweaked toml for git repo https://github.com/Keats/webrust written to /workspace/builds/worker-2/source/Cargo.toml
[INFO] crate git repo https://github.com/Keats/webrust already has a lockfile, it will not be regenerated
[INFO] running `Command { std: "/workspace/cargo-home/bin/cargo" "+881c1ac408d93bb7adaa3a51dabab9266e82eee8" "fetch" "--manifest-path" "Cargo.toml", kill_on_drop: false }`
[INFO] [stderr]  Downloading crates ...
[INFO] [stderr]   Downloaded num_cpus v0.2.6
[INFO] [stderr]   Downloaded time v0.1.32
[INFO] [stderr]   Downloaded error v0.1.7
[INFO] [stderr]   Downloaded bufstream v0.1.1
[INFO] [stderr]   Downloaded language-tags v0.0.7
[INFO] [stderr]   Downloaded router v0.0.15
[INFO] [stderr]   Downloaded cookie v0.1.21
[INFO] [stderr]   Downloaded mime v0.1.0
[INFO] [stderr]   Downloaded serde_json v0.6.0
[INFO] [stderr]   Downloaded url v0.2.37
[INFO] [stderr]   Downloaded serde_codegen v0.5.3
[INFO] [stderr]   Downloaded unicase v1.0.0
[INFO] [stderr]   Downloaded quasi v0.3.2
[INFO] [stderr]   Downloaded phf v0.7.5
[INFO] [stderr]   Downloaded serde_macros v0.5.3
[INFO] [stderr]   Downloaded persistent v0.0.7
[INFO] [stderr]   Downloaded phf_codegen v0.7.5
[INFO] [stderr]   Downloaded phf_generator v0.7.5
[INFO] [stderr]   Downloaded r2d2_postgres v0.9.3
[INFO] [stderr]   Downloaded openssl-sys v0.6.5
[INFO] [stderr]   Downloaded httparse v0.1.6
[INFO] [stderr]   Downloaded quasi_codegen v0.3.3
[INFO] [stderr]   Downloaded aster v0.4.9
[INFO] [stderr]   Downloaded r2d2 v0.6.0
[INFO] [stderr]   Downloaded phf_shared v0.7.5
[INFO] [stderr]   Downloaded iron v0.2.2
[INFO] [stderr] warning: parsed version requirement `0.2*` is no longer valid
[INFO] [stderr] 
[INFO] [stderr] Previous versions of Cargo accepted this malformed requirement,
[INFO] [stderr] but it is being deprecated. This was found when parsing the manifest
[INFO] [stderr] of iron 0.2.2, and the correct version requirement is `0.2.*`.
[INFO] [stderr] 
[INFO] [stderr] This will soon become a hard error, so it's either recommended to
[INFO] [stderr] update to a fixed version or contact the upstream maintainer about
[INFO] [stderr] this warning.
[INFO] [stderr] 
[INFO] [stderr]   Downloaded openssl v0.6.5
[INFO] [stderr]   Downloaded serde v0.6.0
[INFO] [stderr]   Downloaded gcc v0.3.17
[INFO] [stderr]   Downloaded hyper v0.6.14
[INFO] [stderr]   Downloaded postgres v0.10.0
[INFO] [stderr]   Downloaded quasi_macros v0.3.2
[INFO] running `Command { std: "docker" "create" "-v" "/var/lib/crater-agent-workspace/builds/worker-2/target:/opt/rustwide/target:rw,Z" "-v" "/var/lib/crater-agent-workspace/builds/worker-2/source:/opt/rustwide/workdir:ro,Z" "-v" "/var/lib/crater-agent-workspace/cargo-home:/opt/rustwide/cargo-home:ro,Z" "-v" "/var/lib/crater-agent-workspace/rustup-home:/opt/rustwide/rustup-home:ro,Z" "-e" "SOURCE_DIR=/opt/rustwide/workdir" "-e" "CARGO_TARGET_DIR=/opt/rustwide/target" "-e" "CARGO_HOME=/opt/rustwide/cargo-home" "-e" "RUSTUP_HOME=/opt/rustwide/rustup-home" "-w" "/opt/rustwide/workdir" "-m" "1610612736" "--user" "0:0" "--network" "none" "ghcr.io/rust-lang/crates-build-env/linux@sha256:20528e8c29e4536546f0102ce88568b16ea7538393a33fcca951030f7af10457" "/opt/rustwide/cargo-home/bin/cargo" "+881c1ac408d93bb7adaa3a51dabab9266e82eee8" "metadata" "--no-deps" "--format-version=1", kill_on_drop: false }`
[INFO] [stderr] WARNING: Your kernel does not support swap limit capabilities or the cgroup is not mounted. Memory limited without swap.
[INFO] [stdout] 13f515b0ef697682e41d9a7faf9699156d938668709417b96a273ef67955be26
[INFO] running `Command { std: "docker" "start" "-a" "13f515b0ef697682e41d9a7faf9699156d938668709417b96a273ef67955be26", kill_on_drop: false }`
[INFO] running `Command { std: "docker" "inspect" "13f515b0ef697682e41d9a7faf9699156d938668709417b96a273ef67955be26", kill_on_drop: false }`
[INFO] running `Command { std: "docker" "rm" "-f" "13f515b0ef697682e41d9a7faf9699156d938668709417b96a273ef67955be26", kill_on_drop: false }`
[INFO] [stdout] 13f515b0ef697682e41d9a7faf9699156d938668709417b96a273ef67955be26
[INFO] running `Command { std: "docker" "create" "-v" "/var/lib/crater-agent-workspace/builds/worker-2/target:/opt/rustwide/target:rw,Z" "-v" "/var/lib/crater-agent-workspace/builds/worker-2/source:/opt/rustwide/workdir:ro,Z" "-v" "/var/lib/crater-agent-workspace/cargo-home:/opt/rustwide/cargo-home:ro,Z" "-v" "/var/lib/crater-agent-workspace/rustup-home:/opt/rustwide/rustup-home:ro,Z" "-e" "SOURCE_DIR=/opt/rustwide/workdir" "-e" "CARGO_TARGET_DIR=/opt/rustwide/target" "-e" "CARGO_INCREMENTAL=0" "-e" "RUST_BACKTRACE=full" "-e" "RUSTFLAGS=--cap-lints=forbid" "-e" "CARGO_HOME=/opt/rustwide/cargo-home" "-e" "RUSTUP_HOME=/opt/rustwide/rustup-home" "-w" "/opt/rustwide/workdir" "-m" "1610612736" "--user" "0:0" "--network" "none" "ghcr.io/rust-lang/crates-build-env/linux@sha256:20528e8c29e4536546f0102ce88568b16ea7538393a33fcca951030f7af10457" "/opt/rustwide/cargo-home/bin/cargo" "+881c1ac408d93bb7adaa3a51dabab9266e82eee8" "build" "--frozen" "--message-format=json", kill_on_drop: false }`
[INFO] [stdout] b503ab6d634f02ded2447e8ca82813da09de8038739e82cf09dec62b829eaa62
[INFO] [stderr] WARNING: Your kernel does not support swap limit capabilities or the cgroup is not mounted. Memory limited without swap.
[INFO] running `Command { std: "docker" "start" "-a" "b503ab6d634f02ded2447e8ca82813da09de8038739e82cf09dec62b829eaa62", kill_on_drop: false }`
[INFO] [stderr] warning: parsed version requirement `0.2*` is no longer valid
[INFO] [stderr] 
[INFO] [stderr] Previous versions of Cargo accepted this malformed requirement,
[INFO] [stderr] but it is being deprecated. This was found when parsing the manifest
[INFO] [stderr] of iron 0.2.2, and the correct version requirement is `0.2.*`.
[INFO] [stderr] 
[INFO] [stderr] This will soon become a hard error, so it's either recommended to
[INFO] [stderr] update to a fixed version or contact the upstream maintainer about
[INFO] [stderr] this warning.
[INFO] [stderr] 
[INFO] [stderr]    Compiling libc v0.1.10
[INFO] [stderr]    Compiling winapi-build v0.1.1
[INFO] [stderr]    Compiling winapi v0.2.4
[INFO] [stderr]    Compiling rustc-serialize v0.3.16
[INFO] [stderr]    Compiling pkg-config v0.3.5
[INFO] [stderr]    Compiling gcc v0.3.17
[INFO] [stderr]    Compiling phf_shared v0.7.5
[INFO] [stderr]    Compiling traitobject v0.0.3
[INFO] [stderr]    Compiling matches v0.1.2
[INFO] [stderr]    Compiling lazy_static v0.1.14
[INFO] [stderr]    Compiling bitflags v0.3.2
[INFO] [stderr]    Compiling debug-builders v0.1.0
[INFO] [stderr]    Compiling unicase v1.0.0
[INFO] [stderr]    Compiling httparse v0.1.6
[INFO] [stderr]    Compiling aster v0.4.9
[INFO] [stderr]    Compiling traitobject v0.0.1
[INFO] [stderr]    Compiling language-tags v0.0.7
[INFO] [stderr]    Compiling serde_codegen v0.5.3
[INFO] [stderr]    Compiling modifier v0.1.0
[INFO] [stderr]    Compiling bufstream v0.1.1
[INFO] [stderr]    Compiling quasi v0.3.2
[INFO] [stderr]    Compiling byteorder v0.3.13
[INFO] [stdout] error[E0463]: can't find crate for `syntax`
[INFO] [stdout]  --> /opt/rustwide/cargo-home/registry/src/github.com-1ecc6299db9ec823/aster-0.4.9/src/lib.rs:7:1
[INFO] [stdout]   |
[INFO] [stdout] 7 | extern crate syntax;
[INFO] [stdout]   | ^^^^^^^^^^^^^^^^^^^^ can't find crate
[INFO] [stdout] 
[INFO] [stdout] 
[INFO] [stdout] error: aborting due to previous error
[INFO] [stdout] 
[INFO] [stdout] 
[INFO] [stdout] For more information about this error, try `rustc --explain E0463`.
[INFO] [stdout] 
[INFO] [stderr] error: could not compile `aster`
[INFO] [stderr] 
[INFO] [stderr] To learn more, run the command again with --verbose.
[INFO] [stderr] warning: build failed, waiting for other jobs to finish...
[INFO] [stdout] error[E0463]: can't find crate for `syntax`
[INFO] [stdout]   --> /opt/rustwide/cargo-home/registry/src/github.com-1ecc6299db9ec823/quasi-0.3.2/src/lib.rs:17:1
[INFO] [stdout]    |
[INFO] [stdout] 17 | extern crate syntax;
[INFO] [stdout]    | ^^^^^^^^^^^^^^^^^^^^ can't find crate
[INFO] [stdout] 
[INFO] [stdout] 
[INFO] [stdout] error: aborting due to previous error
[INFO] [stdout] 
[INFO] [stdout] 
[INFO] [stdout] For more information about this error, try `rustc --explain E0463`.
[INFO] [stdout] 
[INFO] [stdout] error[E0642]: patterns aren't allowed in functions without bodies
[INFO] [stdout]    --> /opt/rustwide/cargo-home/registry/src/github.com-1ecc6299db9ec823/rustc-serialize-0.3.16/src/serialize.rs:145:45
[INFO] [stdout]     |
[INFO] [stdout] 145 | ...                   &f_name: &str,
[INFO] [stdout]     |                       ^^^^^^^ pattern not allowed in function without body
[INFO] [stdout] 
[INFO] [stdout] 
[INFO] [stdout] error: aborting due to previous error
[INFO] [stdout] 
[INFO] [stdout] 
[INFO] [stdout] For more information about this error, try `rustc --explain E0642`.
[INFO] [stdout] 
[INFO] [stderr] error: build failed
[INFO] running `Command { std: "docker" "inspect" "b503ab6d634f02ded2447e8ca82813da09de8038739e82cf09dec62b829eaa62", kill_on_drop: false }`
[INFO] running `Command { std: "docker" "rm" "-f" "b503ab6d634f02ded2447e8ca82813da09de8038739e82cf09dec62b829eaa62", kill_on_drop: false }`
[INFO] [stdout] b503ab6d634f02ded2447e8ca82813da09de8038739e82cf09dec62b829eaa62
